{"id":1282,"date":"2020-07-04T16:49:31","date_gmt":"2020-07-04T14:49:31","guid":{"rendered":"https:\/\/www.amicale-paneuropean.com\/site\/?page_id=1282"},"modified":"2026-01-31T14:16:17","modified_gmt":"2026-01-31T13:16:17","slug":"presentation","status":"publish","type":"page","link":"https:\/\/amicale-paneuropean.com\/site\/presentation\/","title":{"rendered":"Pr\u00e9sentation"},"content":{"rendered":"<h2 style=\"text-align: center;\"><strong>Pr\u00e9sentation de l\u2019Amicale Pan-European<\/strong><\/h2>\n<p style=\"text-align: left;\">Les adh\u00e9rents :<br \/>\u00a0 \u00a0 \u00a0 \u00a0 \u00a0L\u2019amicale est n\u00e9e en 1992, cr\u00e9\u00e9e par des possesseurs de Pan European. Elle compte 96 \u00e9quipages-adh\u00e9rents \u00e0 ce jour.<\/p>\n<p style=\"text-align: left;\">Les Balades :<br \/>\u00a0 \u00a0 \u00a0 \u00a0 \u00a0 \u00a0L\u2019objectif essentiel de l\u2019Amicale est d\u2019organiser des balades r\u00e9gionales (une journ\u00e9e) ou nationales (plusieurs jours), pour allier le plaisir de d\u00e9couvrir nos belles r\u00e9gions, \u00e0 des prix n\u00e9goci\u00e9s au plus bas, mais en restant dans de bonnes qualit\u00e9s de restauration et d\u2019h\u00e9bergement, et pour le bonheur de pratiquer la moto entre amis.<br \/>\u00a0 \u00a0 \u00a0 \u00a0\u00a0 \u00a0\u00a0 Nous avons f\u00eat\u00e9 les 33 ans de l\u2019Amicale \u00e0 l\u2019occasion de notre Assembl\u00e9e G\u00e9n\u00e9rale \u00e0 Bl\u00e9riot Plage, en septembre 2025, nous \u00e9tions 60 \u00e9quipages, 94 participants.<\/p>\n<p style=\"text-align: left;\">\u00a0\u00a0\u00a0\u00a0\u00a0\u00a0\u00a0\u00a0\u00a0\u00a0\u00a0 Pas moins de 8 manifestations ont \u00e9t\u00e9 organis\u00e9es (5 balades nationales, 3 r\u00e9gionales et l&#8217;Assembl\u00e9e G\u00e9n\u00e9rale). A noter, une grosse participation fran\u00e7aise (35 \u00e9quipages) au Pan Gathering \u00e0 Palencia en Espagne .<br \/>La communication passe essentiellement par :<br \/>\u00a0 \u2013 Le site internet : (http:\/\/amicale-paneuropean.com) sur lequel vous trouverez toutes les balades, une rubrique \u00ab Annonces \u00bb facilitant les transactions motos et d\u2019accessoires<br \/>\u00a0 \u2013 L\u2019acc\u00e8s \u00e0 un forum d\u00e9di\u00e9 aux amoureux de la Pan European ;\u00a0 \u00a0 \u00a0<br \/>\u00a0 \u2013 Notre page Facebook ;<br \/>\u00a0 \u2013 Le Pan Info : journal \u00e9dit\u00e9 par l\u2019Amicale, dans lequel les adh\u00e9rents r\u00e9sument par des photos et des \u00e9crits les bons moments pass\u00e9s ensembles.<\/p>\n<p style=\"text-align: left;\">La possibilit\u00e9 de s\u2019inscrire en ligne \u00e0 l\u2019Amicale :<br \/>\u00a0 Les conditions :<br \/>\u00a0 \u00a0 \u2013 \u00catre propri\u00e9taire d\u2019une moto 1100 ou 1300 Pan European,<br \/>ou <br \/>\u00a0 \u00a0 \u2013 \u00catre un ancien adh\u00e9rent avec une autre moto,<br \/>ou<br \/>\u00a0 \u00a0 \u2013 <strong>Depuis septembre 2020, on peut adh\u00e9rer m\u00eame si on n\u2019a jamais poss\u00e9d\u00e9 une Pan European\u00a0: il suffit de piloter une moto \u00e0 caract\u00e8re grand tourisme comparable \u00e0 la Pan, et d\u2019\u00eatre parrain\u00e9 par un amicaliste<\/strong>.<\/p>\n<p style=\"text-align: left;\">Co\u00fbt de l\u2019adh\u00e9sion pour l\u2019ann\u00e9e : 70 \u20ac.<\/p>\n<p style=\"text-align: left;\">Patrice Beau, Pr\u00e9sident de l\u2019Amicale<br \/><u><a href=\"mailto:president@amicale-paneuropean.com\">president@amicale-paneuropean.com<\/a><\/u><\/p>\n\n\n<p><\/p>\n","protected":false},"excerpt":{"rendered":"<p>Pr\u00e9sentation de l\u2019Amicale Pan-European Les adh\u00e9rents :\u00a0 \u00a0 \u00a0 \u00a0 \u00a0L\u2019amicale est n\u00e9e en 1992, cr\u00e9\u00e9e par des possesseurs de Pan European. Elle compte 96 \u00e9quipages-adh\u00e9rents \u00e0 ce jour. Les Balades :\u00a0 \u00a0 \u00a0 \u00a0 \u00a0 \u00a0L\u2019objectif essentiel de l\u2019Amicale est d\u2019organiser des balades r\u00e9gionales (une journ\u00e9e) ou nationales (plusieurs jours), [&hellip;]<\/p>\n","protected":false},"author":129,"featured_media":0,"parent":0,"menu_order":0,"comment_status":"closed","ping_status":"closed","template":"","meta":{"_acf_changed":false,"footnotes":""},"class_list":["post-1282","page","type-page","status-publish","hentry"],"acf":[],"_links":{"self":[{"href":"https:\/\/amicale-paneuropean.com\/site\/wp-json\/wp\/v2\/pages\/1282","targetHints":{"allow":["GET"]}}],"collection":[{"href":"https:\/\/amicale-paneuropean.com\/site\/wp-json\/wp\/v2\/pages"}],"about":[{"href":"https:\/\/amicale-paneuropean.com\/site\/wp-json\/wp\/v2\/types\/page"}],"author":[{"embeddable":true,"href":"https:\/\/amicale-paneuropean.com\/site\/wp-json\/wp\/v2\/users\/129"}],"replies":[{"embeddable":true,"href":"https:\/\/amicale-paneuropean.com\/site\/wp-json\/wp\/v2\/comments?post=1282"}],"version-history":[{"count":8,"href":"https:\/\/amicale-paneuropean.com\/site\/wp-json\/wp\/v2\/pages\/1282\/revisions"}],"predecessor-version":[{"id":10846,"href":"https:\/\/amicale-paneuropean.com\/site\/wp-json\/wp\/v2\/pages\/1282\/revisions\/10846"}],"wp:attachment":[{"href":"https:\/\/amicale-paneuropean.com\/site\/wp-json\/wp\/v2\/media?parent=1282"}],"curies":[{"name":"wp","href":"https:\/\/api.w.org\/{rel}","templated":true}]}}